ded by b(-5).
9
Suppose 3*q + 93 = 6*q + 3*s, 5*s = -q + 31. What is the remainder when q is divided by 4?
3
Let g = -64 + 28. Calculate the remainder when 1/6 - 1218/g is divided by 12.
10
Suppose 0 = -3*n - 4*n + 91. Calculate the remainder when n is divided by 7.
6
Let l(o) = 2*o**2 - 7*o - 1. What is the remainder when 11 is divided by l(4)?
2
Let c(s) = 2*s**2 + 23*s + 26. Calculate the remainder when 69 is divided by c(-11).
9
Let z = -51 + 76. Suppose 2*l - 12 - 98 = 4*j, 5*j = 5*l - 255. What is the remainder when l is divided by z?
22
Let i = 3263 + -2215. Let q be ((-24)/16)/(2/i). Calculate the remainder when (-2)/5 + q/(-15) is divided by 18.
16
Let o = 156 + -116. Calculate the remainder when o is divided by 7.
5
Let o = 2 + -2. Let r(l) = -1 - 8*l + o*l + 0*l. What is the remainder when 12 is divided by r(-1)?
5
Suppose 3*r + 4*f + 5 = 13, -4*f = -r + 8. Suppose -r*m + m + 48 = 0. What is the remainder when 45 is divided by m?
13
Let f(h) = -h**2 + 2*h + 2. Let l be f(-3). Calculate the remainder when -4*(-1)/(-2)*l is divided by 14.
12
Let g(s) = -s**3 + 2*s**2 - s. Let i be g(1). Suppose 4*x - 13 - 83 = i. What is the remainder when 70 is divided by x?
22
Suppose 4*u - 104 = -4*i, 0*u = -4*u - i + 92. Let f = 49 + 36. Calculate the remainder when f is divided by u.
19
Let y(c) = -c - 2. Let m(f) be the second derivative of -7*f**5/10 - f**4/12 + f. Calculate the remainder when m(-1) is divided by y(-7).
3
Let i = 41 + -5. Let v = 51 - i. What is the remainder when v is divided by 6?
3
Let h(m) = m**2 - 9*m + 7. Let w be h(8). Let g = w + 15. Calculate the remainder when 39 is divided by g.
11
Let i(m) = m + 3*m**3 + 3*m - 5*m**3 + 2 - m**2. Let y = 31 + -19. Calculate the remainder when i(-3) is divided by y.
11
Let j = -73 + 108. Calculate the remainder when j is divided by 9.
8
Let y(q) = -q**2 + 8*q - 5. Let d be y(5). Let m = 13 + d. What is the remainder when m is divided by 8?
7
Calculate the remainder when 107 is divided by -4 + (-90)/(-24) + (-145)/(-4).
35
Let j(b) = b**3 + 7*b**2 + 6*b + 7. Let d be j(-6). Let k = 19 - d. What is the remainder when 22 is divided by k?
10
Calculate the remainder when 64 is divided by -7 - -4 - (-37 + 1).
31
Suppose -h - 2*v = 3*h - 122, -2*v = -h + 38. Calculate the remainder when h is divided by 7.
4
What is the remainder when (0 + 7*20/8)*2 is divided by 8?
3
Suppose 0 = -6*r + 4*r + 344. Suppose 3*f = 7*f - r. Let d(b) = -15*b**3 + b**2 + b. What is the remainder when f is divided by d(-1)?
13
Let z = 4 + -4. Let w be (z - 0)*2/(-2). Suppose w = 2*q + b - 80, 2*b + 127 = -q + 4*q. Calculate the remainder when q is divided by 14.
13
Let n = -50 - -81. Calculate the remainder when n is divided by 16.
15
Let a(x) = -x + 9. Suppose 6*k + 1 = 37. What is the remainder when k is divided by a(5)?
2
Suppose -z + 0 = -5. Suppose -w - z*m + 18 = 5, -m + 13 = w. What is the remainder when w is divided by 4?
1
Let w be -3 + 2 + 2 - 0. Let p be w/(-1 + 36/39). What is the remainder when 37 is divided by 1/(-1)*(p - 0)?
11
Let w = 19 - 10. Let l = -5 + w. Suppose -c - 5*o + 32 = 0, -2*c + 4*c - l*o - 22 = 0. Calculate the remainder when 32 is divided by c.
15
Let a = 43 + -8. What is the remainder when 67 is divided by a?
32
Let x = -145 + 222. Calculate the remainder when x is divided by 40.
37
Let t(s) = s**2 + s + 14. Suppose 3*m + 25 = -2*m, 0 = 5*g - m - 10. What is the remainder when 55/g - (3 + -1) is divided by t(0)?
11
Suppose -17 = 5*q - 5*z + 3, -2*z = 2*q - 8. Suppose 3*g + 5*x + 56 = 0, q*g - 5*x = g + 32. Calculate the remainder when 40 is divided by (-2)/g + 125/6.
19
Let k(q) = 4*q - 6. Let f(m) = -m**2 - 4*m + 8. What is the remainder when k(5) is divided by f(-4)?
6
What is the remainder when 108 is divided by -3*1096/(-204) + (-4)/34?
12
Let o(n) = n**3 - 3*n + 3. Let m be o(-3). Suppose -3*x + 4*x = 33. Let g = m + x. Calculate the remainder when 52 is divided by g.
16
Let j = -3 - -56. Suppose -25*i + 0 = -350. Calculate the remainder when j is divided by i.
11
Let g = -7 - -25. Calculate the remainder when g is divided by (-10)/(-3 - (-4)/2).
8
Let b(y) = 97*y + 1. Let m be b(1). Let o = -61 + m. Let q = 54 + -35. What is the remainder when o is divided by q?
18
Suppose 2*k + 284 = 4*v, 179 = 5*v - 5*k - 176. Calculate the remainder when v is divided by 19.
14
Let g = -3 + -6. What is the remainder when 35 is divided by (8/3)/((-2)/g)?
11
Let b(z) = -z**3 - 6*z**2 - 7*z - 1. What is the remainder when 17 is divided by b(-5)?
8
Suppose -2*l + 15 = -4*x + 1, -4*l + 80 = 5*x. Let w = -7 + l. Calculate the remainder when 21 is divided by w.
5
Let q be 31/6 - (-2)/(-12). Suppose 0 = q*x - x + 16. Let r = x + 5. What is the remainder when 2 is divided by r?
0
Calculate the remainder when 2/(-6) + 1374/18 is divided by 26.
24
Let f(j) = 2*j**2 - 3*j + 1. Let i be f(2). Let g(h) = h**2 + h - 4. Suppose 8 + 7 = 3*s. Calculate the remainder when g(i) is divided by s.
3
Suppose 4*x = 5*x - 28. What is the remainder when x is divided by 15?
13
Let c(w) = 4*w - 4. Let b be c(5). Suppose 5*j = j + b. What is the remainder when 11 is divided by j?
3
Let s = 46 + -20. Suppose -m - 7 = -w, 5*w - 5*m = 2*w + 21. What is the remainder when s is divided by w?
5
Let v = -4 - -6. Suppose -4*n = -l - 8, -4*n + 1 = v*l - 7. Suppose -3*s - 2*s + 65 = l. What is the remainder when 37 is divided by s?
11
Let q(y) = y**2 - 7*y + 9. Let g be q(6). Let z(r) = r**3 - 2*r**2 - 3. Calculate the remainder when 10 is divided by z(g).
4
Let y(k) = 3*k - 10. Let g = -6 + 10. Calculate the remainder when g is divided by y(4).
0
Let g = -13 + 7. Suppose 4*l - 40 - 8 = 0. Let i = g + l. What is the remainder when 17 is divided by i?
5
Let k(u) = u**3 + 8*u**2 + 2*u - 4. Let t = -148 + 169. What is the remainder when k(-5) is divided by t?
19
Suppose -34 = -3*y - 2*v - 2*v, 2*y - v - 8 = 0. What is the remainder when 53 is divided by y?
5
Let p(c) = -c - 7. Let d be p(-7). Let t(f) = d + 12*f - 1 - 2*f. Calculate the remainder when 36 is divided by t(2).
17
Suppose 5*y - y = -36. Let d(j) = -j**3 - 10*j**2 - 10*j - 10. Let s be d(y). What is the remainder when 65 is divided by 1 + (-44)/(-2) + s?
21
Let o(y) = 9*y - 18. Calculate the remainder when 102 is divided by o(6).
30
Suppose 4*n - 15 - 53 = -2*k, 5*n + k - 82 = 0. Calculate the remainder when 31 is divided by n.
15
Suppose 5*f = 154 + 136. Calculate the remainder when f is divided by 12.
10
Let k = 83 - 47. Suppose 0 = 3*l + k - 138. What is the remainder when l is divided by 12?
10
Suppose 0 = -2*s - 2*c + 184, 0*c = -2*s + 5*c + 212. Calculate the remainder when s is divided by 25.
21
Let x(z) = 22*z**3 - z**2 + z. What is the remainder when 41 is divided by x(1)?
19
Let w = 77 - 55. Suppose -3*q = -w - 2. Suppose -s + 2 = -3*a, -3*s - 2*s = 3*a - 82. Calculate the remainder when s is divided by q.
6
Suppose 20 = -5*f + 2*l, 3*f + 12 = -6*l + l. Let n = 11 + f. What is the remainder when 12 is divided by n?
5
Let n = -3 + 6. Let g(a) = -a**2 + 4*a. Calculate the remainder when -1*((-12)/2 - 2) is divided by g(n).
2
Let w = 106 - 52. Calculate the remainder when w is divided by 23.
8
Let v(w) = -w**3 - 2*w**2 + 4*w + 7. Let q(u) = u**2 - 2*u - 9. Let d be q(8). Calculate the remainder when v(-5) is divided by (-32)/3*d/(-26).
14
Suppose 18 + 24 = 2*n. What is the remainder when n is divided by 7?
0
Let b = -14 - -29. What is the remainder when 23 is divided by b?
8
Let r = 157 + -38. Suppose 4*z - 4*j - 132 = 0, -6*z + 3*z + r = 2*j. Calculate the remainder when z is divided by 20.
17
Suppose -2*o - 9 = -3*l, o + 1 + 1 = l. Suppose -5*k = -7 - 18. What is the remainder when k is divided by o?
2
Calculate the remainder when 34*9/4*(-2)/(-3) is divided by 26.
25
Let i = -104 - -190. Calculate the remainder when i is divided by 30.
26
Let c(y) = 14*y**2 - y - 1. Let a be c(-1). Let k be a/4 - (-1)/(-2). Let u(f) = 11*f - 4. Calculate the remainder when u(k) is divided by 10.
9
Suppose -1 = -2*a - 7. Let p be (-95)/a - 2/(-6). Suppose -2*j = -p - 0. Calculate the remainder when 30 is divided by j.
14
Suppose 3*w = 13 + 26. What is the remainder when w is divided by 7?
6
Calculate the remainder when 1 is divided by (-2)/(-2 - -5 - 5).
0
Let u = -5 - -4. Wh